{"id":2,"date":"2025-12-29T13:21:34","date_gmt":"2025-12-29T13:21:34","guid":{"rendered":"https:\/\/www.notron.com.tr\/?page_id=2"},"modified":"2026-02-04T13:10:49","modified_gmt":"2026-02-04T13:10:49","slug":"sample-page","status":"publish","type":"page","link":"https:\/\/www.notron.com.tr\/?page_id=2","title":{"rendered":"METAL VE MAK\u0130NA"},"content":{"rendered":"\n<p>Metal ve makina sekt\u00f6r\u00fcnde faaliyet g\u00f6steren firmam\u0131z, m\u00fchendislik bilgi birikimi ve saha tecr\u00fcbesiyle end\u00fcstriyel \u00e7\u00f6z\u00fcmler sunmak amac\u0131yla kurulmu\u015ftur. Kuruldu\u011fumuz g\u00fcnden bu yana kalite, g\u00fcvenilirlik ve m\u00fc\u015fteri memnuniyetini temel ilke edinerek; vin\u00e7 elektrik odas\u0131, operat\u00f6r kabini, operat\u00f6r konsolu, torbal\u0131 filtre, kablo arabalar\u0131, kablo tavalar\u0131 ve vin\u00e7 \u00f6zel ekipmanlar\u0131 imalat, montaj ve teknik hizmetler alanlar\u0131nda faaliyet g\u00f6stermekteyiz.<\/p>\n\n\n\n<p>Modern \u00fcretim anlay\u0131\u015f\u0131m\u0131z, deneyimli teknik kadromuz ve s\u00fcrekli geli\u015fimi esas alan yakla\u015f\u0131m\u0131m\u0131z sayesinde; \u00e7elik, enerji, maden, liman ve a\u011f\u0131r sanayi ba\u015fta olmak \u00fczere bir\u00e7ok farkl\u0131 sekt\u00f6re \u00f6zel \u00e7\u00f6z\u00fcmler \u00fcretmekteyiz. Projelerimizin her a\u015famas\u0131nda ulusal ve uluslararas\u0131 standartlara uygunluk, i\u015f g\u00fcvenli\u011fi ve zaman\u0131nda teslim konular\u0131na azami \u00f6zen g\u00f6steriyoruz.<\/p>\n\n\n\n<p>M\u00fc\u015fterilerimizin ihtiya\u00e7lar\u0131n\u0131 do\u011fru analiz ederek, en verimli ve s\u00fcrd\u00fcr\u00fclebilir \u00e7\u00f6z\u00fcmleri sunmay\u0131 hedefliyor; uzun vadeli i\u015f birlikleri kurmay\u0131 \u00f6nemsiyoruz. G\u00fc\u00e7l\u00fc teknik altyap\u0131m\u0131z ve \u00e7\u00f6z\u00fcm odakl\u0131 yakla\u015f\u0131m\u0131m\u0131zla, metal ve makina sekt\u00f6r\u00fcnde g\u00fcvenilir bir i\u015f orta\u011f\u0131 olmay\u0131 s\u00fcrd\u00fcr\u00fcyoruz!<\/p>\n\n\n\n<div id=\"wp-block-themeisle-blocks-slider-b2155861\" class=\"wp-block-themeisle-blocks-slider glide\" data-per-view=\"1\" data-gap=\"0\" data-peek=\"0\" data-autoplay=\"true\" data-height=\"400px\" data-hide-arrows=\"false\"><div class=\"glide__track\" data-glide-el=\"track\"><div class=\"glide__slides\"><div class=\"wp-block-themeisle-blocks-slider-item-wrapper glide__slide\" tabindex=\"0\"><figure><img decoding=\"async\" class=\"wp-block-themeisle-blocks-slider-item\" src=\"https:\/\/www.notron.com.tr\/wp-content\/uploads\/2026\/02\/WhatsApp-Image-2026-02-04-at-10.39.11.jpeg\" alt=\"\" title=\"\" data-id=\"695\"\/><\/figure><\/div><div class=\"wp-block-themeisle-blocks-slider-item-wrapper glide__slide\" tabindex=\"0\"><figure><img decoding=\"async\" class=\"wp-block-themeisle-blocks-slider-item\" src=\"https:\/\/www.notron.com.tr\/wp-content\/uploads\/2026\/02\/WhatsApp-Image-2026-02-04-at-10.39.12.jpeg\" alt=\"\" title=\"\" data-id=\"696\"\/><\/figure><\/div><div class=\"wp-block-themeisle-blocks-slider-item-wrapper glide__slide\" tabindex=\"0\"><figure><img decoding=\"async\" class=\"wp-block-themeisle-blocks-slider-item\" src=\"https:\/\/www.notron.com.tr\/wp-content\/uploads\/2026\/02\/WhatsApp-Image-2026-02-04-at-10.39.13.jpeg\" alt=\"\" title=\"\" data-id=\"697\"\/><\/figure><\/div><div class=\"wp-block-themeisle-blocks-slider-item-wrapper glide__slide\" tabindex=\"0\"><figure><img decoding=\"async\" class=\"wp-block-themeisle-blocks-slider-item\" src=\"https:\/\/www.notron.com.tr\/wp-content\/uploads\/2026\/02\/met1l-1.jpg\" alt=\"\" title=\"\" data-id=\"366\"\/><\/figure><\/div><div class=\"wp-block-themeisle-blocks-slider-item-wrapper glide__slide\" tabindex=\"0\"><figure><img decoding=\"async\" class=\"wp-block-themeisle-blocks-slider-item\" src=\"https:\/\/www.notron.com.tr\/wp-content\/uploads\/2026\/02\/metal-2-1.jpg\" alt=\"\" title=\"\" data-id=\"367\"\/><\/figure><\/div><div class=\"wp-block-themeisle-blocks-slider-item-wrapper glide__slide\" tabindex=\"0\"><figure><img decoding=\"async\" class=\"wp-block-themeisle-blocks-slider-item\" src=\"https:\/\/www.notron.com.tr\/wp-content\/uploads\/2026\/02\/metl-1.jpeg\" alt=\"\" title=\"\" data-id=\"379\"\/><\/figure><\/div><div class=\"wp-block-themeisle-blocks-slider-item-wrapper glide__slide\" tabindex=\"0\"><figure><img decoding=\"async\" class=\"wp-block-themeisle-blocks-slider-item\" src=\"https:\/\/www.notron.com.tr\/wp-content\/uploads\/2026\/02\/metl-2.jpeg\" alt=\"\" title=\"\" data-id=\"385\"\/><\/figure><\/div><div class=\"wp-block-themeisle-blocks-slider-item-wrapper glide__slide\" tabindex=\"0\"><figure><img decoding=\"async\" class=\"wp-block-themeisle-blocks-slider-item\" src=\"https:\/\/www.notron.com.tr\/wp-content\/uploads\/2026\/02\/metl-3.jpg\" alt=\"\" title=\"\" data-id=\"384\"\/><\/figure><\/div><div class=\"wp-block-themeisle-blocks-slider-item-wrapper glide__slide\" tabindex=\"0\"><figure><img decoding=\"async\" class=\"wp-block-themeisle-blocks-slider-item\" src=\"https:\/\/www.notron.com.tr\/wp-content\/uploads\/2026\/02\/metl-5.jpeg\" alt=\"\" title=\"\" data-id=\"392\"\/><\/figure><\/div><div class=\"wp-block-themeisle-blocks-slider-item-wrapper glide__slide\" tabindex=\"0\"><figure><img decoding=\"async\" class=\"wp-block-themeisle-blocks-slider-item\" src=\"https:\/\/www.notron.com.tr\/wp-content\/uploads\/2026\/02\/metl-6.jpeg\" alt=\"\" title=\"\" data-id=\"381\"\/><\/figure><\/div><div class=\"wp-block-themeisle-blocks-slider-item-wrapper glide__slide\" tabindex=\"0\"><figure><img decoding=\"async\" class=\"wp-block-themeisle-blocks-slider-item\" src=\"https:\/\/www.notron.com.tr\/wp-content\/uploads\/2026\/02\/metl-8.jpeg\" alt=\"\" title=\"\" data-id=\"393\"\/><\/figure><\/div><div class=\"wp-block-themeisle-blocks-slider-item-wrapper glide__slide\" tabindex=\"0\"><figure><img decoding=\"async\" class=\"wp-block-themeisle-blocks-slider-item\" src=\"https:\/\/www.notron.com.tr\/wp-content\/uploads\/2026\/02\/metl-9-1.jpeg\" alt=\"\" title=\"\" data-id=\"394\"\/><\/figure><\/div><div class=\"wp-block-themeisle-blocks-slider-item-wrapper glide__slide\" tabindex=\"0\"><figure><img decoding=\"async\" class=\"wp-block-themeisle-blocks-slider-item\" src=\"https:\/\/www.notron.com.tr\/wp-content\/uploads\/2026\/02\/metl-11.jpeg\" alt=\"\" title=\"\" data-id=\"395\"\/><\/figure><\/div><div class=\"wp-block-themeisle-blocks-slider-item-wrapper glide__slide\" tabindex=\"0\"><figure><img decoding=\"async\" class=\"wp-block-themeisle-blocks-slider-item\" src=\"https:\/\/www.notron.com.tr\/wp-content\/uploads\/2026\/02\/metl-15.jpeg\" alt=\"\" title=\"\" data-id=\"396\"\/><\/figure><\/div><div class=\"wp-block-themeisle-blocks-slider-item-wrapper glide__slide\" tabindex=\"0\"><figure><img decoding=\"async\" class=\"wp-block-themeisle-blocks-slider-item\" src=\"https:\/\/www.notron.com.tr\/wp-content\/uploads\/2026\/02\/metl-18.jpeg\" alt=\"\" title=\"\" data-id=\"387\"\/><\/figure><\/div><div class=\"wp-block-themeisle-blocks-slider-item-wrapper glide__slide\" tabindex=\"0\"><figure><img decoding=\"async\" class=\"wp-block-themeisle-blocks-slider-item\" src=\"https:\/\/www.notron.com.tr\/wp-content\/uploads\/2026\/02\/metl-19.jpeg\" alt=\"\" title=\"\" data-id=\"397\"\/><\/figure><\/div><div class=\"wp-block-themeisle-blocks-slider-item-wrapper glide__slide\" tabindex=\"0\"><figure><img decoding=\"async\" class=\"wp-block-themeisle-blocks-slider-item\" src=\"https:\/\/www.notron.com.tr\/wp-content\/uploads\/2026\/02\/metl-20.jpeg\" alt=\"\" title=\"\" data-id=\"370\"\/><\/figure><\/div><div class=\"wp-block-themeisle-blocks-slider-item-wrapper glide__slide\" tabindex=\"0\"><figure><img decoding=\"async\" class=\"wp-block-themeisle-blocks-slider-item\" src=\"https:\/\/www.notron.com.tr\/wp-content\/uploads\/2026\/02\/metl-22.jpeg\" alt=\"\" title=\"\" data-id=\"373\"\/><\/figure><\/div><div class=\"wp-block-themeisle-blocks-slider-item-wrapper glide__slide\" tabindex=\"0\"><figure><img decoding=\"async\" class=\"wp-block-themeisle-blocks-slider-item\" src=\"https:\/\/www.notron.com.tr\/wp-content\/uploads\/2026\/02\/metl-24.jpeg\" alt=\"\" title=\"\" data-id=\"368\"\/><\/figure><\/div><div class=\"wp-block-themeisle-blocks-slider-item-wrapper glide__slide\" tabindex=\"0\"><figure><img decoding=\"async\" class=\"wp-block-themeisle-blocks-slider-item\" src=\"https:\/\/www.notron.com.tr\/wp-content\/uploads\/2026\/02\/metl-26.jpeg\" alt=\"\" title=\"\" data-id=\"399\"\/><\/figure><\/div><div class=\"wp-block-themeisle-blocks-slider-item-wrapper glide__slide\" tabindex=\"0\"><figure><img decoding=\"async\" class=\"wp-block-themeisle-blocks-slider-item\" src=\"https:\/\/www.notron.com.tr\/wp-content\/uploads\/2026\/02\/metl-30.jpeg\" alt=\"\" title=\"\" data-id=\"401\"\/><\/figure><\/div><div class=\"wp-block-themeisle-blocks-slider-item-wrapper glide__slide\" tabindex=\"0\"><figure><img decoding=\"async\" class=\"wp-block-themeisle-blocks-slider-item\" src=\"https:\/\/www.notron.com.tr\/wp-content\/uploads\/2026\/02\/metl-35.jpeg\" alt=\"\" title=\"\" data-id=\"406\"\/><\/figure><\/div><div class=\"wp-block-themeisle-blocks-slider-item-wrapper glide__slide\" tabindex=\"0\"><figure><img decoding=\"async\" class=\"wp-block-themeisle-blocks-slider-item\" src=\"https:\/\/www.notron.com.tr\/wp-content\/uploads\/2026\/02\/metl-32.jpeg\" alt=\"\" title=\"\" data-id=\"390\"\/><\/figure><\/div><div class=\"wp-block-themeisle-blocks-slider-item-wrapper glide__slide\" tabindex=\"0\"><figure><img decoding=\"async\" class=\"wp-block-themeisle-blocks-slider-item\" src=\"https:\/\/www.notron.com.tr\/wp-content\/uploads\/2026\/02\/metl-27-1.jpeg\" alt=\"\" title=\"\" data-id=\"408\"\/><\/figure><\/div><div class=\"wp-block-themeisle-blocks-slider-item-wrapper glide__slide\" tabindex=\"0\"><figure><img decoding=\"async\" class=\"wp-block-themeisle-blocks-slider-item\" src=\"https:\/\/www.notron.com.tr\/wp-content\/uploads\/2026\/02\/metl-28.jpeg\" alt=\"\" title=\"\" data-id=\"409\"\/><\/figure><\/div><div class=\"wp-block-themeisle-blocks-slider-item-wrapper glide__slide\" tabindex=\"0\"><figure><img decoding=\"async\" class=\"wp-block-themeisle-blocks-slider-item\" src=\"https:\/\/www.notron.com.tr\/wp-content\/uploads\/2026\/02\/metl-38.jpeg\" alt=\"\" title=\"\" data-id=\"383\"\/><\/figure><\/div><div class=\"wp-block-themeisle-blocks-slider-item-wrapper glide__slide\" tabindex=\"0\"><figure><img decoding=\"async\" class=\"wp-block-themeisle-blocks-slider-item\" src=\"https:\/\/www.notron.com.tr\/wp-content\/uploads\/2026\/02\/metl-41.jpeg\" alt=\"\" title=\"\" data-id=\"405\"\/><\/figure><\/div><div class=\"wp-block-themeisle-blocks-slider-item-wrapper glide__slide\" tabindex=\"0\"><figure><img decoding=\"async\" class=\"wp-block-themeisle-blocks-slider-item\" src=\"https:\/\/www.notron.com.tr\/wp-content\/uploads\/2026\/02\/metl-44.jpeg\" alt=\"\" title=\"\" data-id=\"403\"\/><\/figure><\/div><\/div><div class=\"glide__bullets\" data-glide-el=\"controls[nav]\"><button class=\"glide__bullet\" data-glide-dir=\"=0\"><\/button><button class=\"glide__bullet\" data-glide-dir=\"=1\"><\/button><button class=\"glide__bullet\" data-glide-dir=\"=2\"><\/button><button class=\"glide__bullet\" data-glide-dir=\"=3\"><\/button><button class=\"glide__bullet\" data-glide-dir=\"=4\"><\/button><button class=\"glide__bullet\" data-glide-dir=\"=5\"><\/button><button class=\"glide__bullet\" data-glide-dir=\"=6\"><\/button><button class=\"glide__bullet\" data-glide-dir=\"=7\"><\/button><button class=\"glide__bullet\" data-glide-dir=\"=8\"><\/button><button class=\"glide__bullet\" data-glide-dir=\"=9\"><\/button><button class=\"glide__bullet\" data-glide-dir=\"=10\"><\/button><button class=\"glide__bullet\" data-glide-dir=\"=11\"><\/button><button class=\"glide__bullet\" data-glide-dir=\"=12\"><\/button><button class=\"glide__bullet\" data-glide-dir=\"=13\"><\/button><button class=\"glide__bullet\" data-glide-dir=\"=14\"><\/button><button class=\"glide__bullet\" data-glide-dir=\"=15\"><\/button><button class=\"glide__bullet\" data-glide-dir=\"=16\"><\/button><button class=\"glide__bullet\" data-glide-dir=\"=17\"><\/button><button class=\"glide__bullet\" data-glide-dir=\"=18\"><\/button><button class=\"glide__bullet\" data-glide-dir=\"=19\"><\/button><button class=\"glide__bullet\" data-glide-dir=\"=20\"><\/button><button class=\"glide__bullet\" data-glide-dir=\"=21\"><\/button><button class=\"glide__bullet\" data-glide-dir=\"=22\"><\/button><button class=\"glide__bullet\" data-glide-dir=\"=23\"><\/button><button class=\"glide__bullet\" data-glide-dir=\"=24\"><\/button><button class=\"glide__bullet\" data-glide-dir=\"=25\"><\/button><button class=\"glide__bullet\" data-glide-dir=\"=26\"><\/button><button class=\"glide__bullet\" data-glide-dir=\"=27\"><\/button><\/div><\/div><\/div>\n","protected":false},"excerpt":{"rendered":"<p>Metal ve makina sekt\u00f6r\u00fcnde faaliyet g\u00f6steren firmam\u0131z, m\u00fchendislik bilgi birikimi ve saha tecr\u00fcbesiyle end\u00fcstriyel \u00e7\u00f6z\u00fcmler sunmak amac\u0131yla kurulmu\u015ftur. Kuruldu\u011fumuz g\u00fcnden bu yana kalite, g\u00fcvenilirlik ve m\u00fc\u015fteri memnuniyetini temel ilke edinerek; vin\u00e7 elektrik odas\u0131, operat\u00f6r kabini, operat\u00f6r konsolu, torbal\u0131 filtre, kablo arabalar\u0131, kablo tavalar\u0131 ve vin\u00e7 \u00f6zel ekipmanlar\u0131 imalat, montaj ve [&hellip;]<\/p>\n","protected":false},"author":1,"featured_media":0,"parent":0,"menu_order":0,"comment_status":"closed","ping_status":"open","template":"","meta":{"_themeisle_gutenberg_block_has_review":false,"footnotes":""},"class_list":["post-2","page","type-page","status-publish","hentry"],"_links":{"self":[{"href":"https:\/\/www.notron.com.tr\/index.php?rest_route=\/wp\/v2\/pages\/2","targetHints":{"allow":["GET"]}}],"collection":[{"href":"https:\/\/www.notron.com.tr\/index.php?rest_route=\/wp\/v2\/pages"}],"about":[{"href":"https:\/\/www.notron.com.tr\/index.php?rest_route=\/wp\/v2\/types\/page"}],"author":[{"embeddable":true,"href":"https:\/\/www.notron.com.tr\/index.php?rest_route=\/wp\/v2\/users\/1"}],"replies":[{"embeddable":true,"href":"https:\/\/www.notron.com.tr\/index.php?rest_route=%2Fwp%2Fv2%2Fcomments&post=2"}],"version-history":[{"count":10,"href":"https:\/\/www.notron.com.tr\/index.php?rest_route=\/wp\/v2\/pages\/2\/revisions"}],"predecessor-version":[{"id":701,"href":"https:\/\/www.notron.com.tr\/index.php?rest_route=\/wp\/v2\/pages\/2\/revisions\/701"}],"wp:attachment":[{"href":"https:\/\/www.notron.com.tr\/index.php?rest_route=%2Fwp%2Fv2%2Fmedia&parent=2"}],"curies":[{"name":"wp","href":"https:\/\/api.w.org\/{rel}","templated":true}]}}